 - 62585, -3*p + 1908 = y - 10613. What is the greatest common divisor of y and 11?
11
Let v(b) = 2*b**2 - 5*b - 12. Suppose 5*u - 17 = 8. Let j be v(u). Suppose -9*g - 76 = -j*g. What is the highest common divisor of 19 and g?
19
Suppose g = -4*g + 125. Suppose 0 = -41*o + 4868 - 4458. What is the greatest common divisor of o and g?
5
Suppose 4*w + 1656 = 13*w. Suppose 256*d = 265*d - 207. Calculate the highest common divisor of w and d.
23
Suppose 2*d = 35 + 13. Let t = 7479 - 7263. Calculate the greatest common divisor of t and d.
24
Suppose 16 = -4*r, 5*i = 5*r + 237 - 137. Calculate the greatest common factor of 46 and i.
2
Let s be (-2 + (-45)/(-6))*-26. Let m = -98 - s. Suppose -2*t + 3*x - 6*x = -15, 40 = 2*t - 2*x. Calculate the highest common divisor of t and m.
15
Let y(k) = k**2 + k. Let w be y(-5). Let p = -332 + 1432. Suppose -63*f = -52*f - p. Calculate the greatest common factor of w and f.
20
Suppose 0 = -2*y - 3*n + 290, y - 97 = 4*n + 15. What is the highest common factor of 221 and y?
17
Let c(r) = 11*r**2 - 515*r - 42. Let u be c(47). What is the highest common divisor of 1196 and u?
52
Let p = -37 + 64. Let o be 2 + 3 - 280/(-4). Let k = 372 - o. What is the highest common divisor of p and k?
27
Let v(g) = -4*g**2 + 6*g + 7. Let s be v(-3). Let h = s + 24. Let l = -3 - h. Calculate the greatest common factor of l and 4.
4
Let n = -181 - -184. Suppose -53*j + n = -50*j. Suppose -2*c = 5*y - 15, -y + 4*c = -0*y + 19. What is the greatest common divisor of y and j?
1
Suppose 1373 - 133 = 2*o. Let v(x) = 5*x**2 + 1146*x + 2517. Let s be v(-227). Calculate the highest common divisor of o and s.
20
Let r = -574 - -1158. What is the highest common divisor of 511 and r?
73
Suppose 27*f = 1584 - 1341. What is the highest common divisor of f and 2817?
9
Let u(o) = -o**3 + o**2 + 5*o + 4. Let m be u(-2). Suppose -m*p + 209 + 403 = 0. Let d = p + -67. Calculate the greatest common factor of d and 5.
5
Let v(b) = -24*b - 749. Let a be v(-32). Let y = -321 + 568. Calculate the highest common factor of a and y.
19
Suppose -1521742 - 330080 = 99*z - 312*z. What is the greatest common divisor of z and 69?
69
Let g = 58460 - 58458. Let d = 1 - 0. What is the greatest common factor of d and g?
1
Let l = -7957 + 25345. Calculate the greatest common factor of 18 and l.
18
Let g(k) = k**2 + 55*k + 569. Let r be g(-10). What is the greatest common divisor of 68 and r?
17
Suppose i + 4*a = -802 + 3630, -4*i - 2*a = -11256. Calculate the highest common factor of 592 and i.
148
Suppose 40*p - 96678 = -25*p + 15382. Calculate the greatest common divisor of p and 4.
4
Let z(p) = -124*p + 448. Let g be z(-71). What is the highest common factor of 36 and g?
36
Let l(j) = -1672*j**2 + 5246*j. Let q be l(3). Suppose -7*h + 2*h + 150 = 0. What is the greatest common divisor of h and q?
30
Let m(o) = -371*o - 453. Let z be m(-13). What is the greatest common divisor of 460 and z?
230
Let w be ((-25)/(-4))/((-2)/(-8)) + -4. Suppose 0 = -8*l + 51 + w. Let y be 1/(-3)*(-24 - l). What is the highest common divisor of y and 33?
11
Let b be 193 - (-7 + (-3 - -6)). Let q = -182 + b. What is the greatest common factor of q and 9?
3
Suppose 0 = -5*w + 4*o + 281, 4*w + 6*o = 9*o + 224. Calculate the greatest common divisor of 3233 and w.
53
Let i(d) = d**3 - 15*d**2 - 30*d + 10. Let u be i(17). Let r be (-1)/(-3) - (-5960)/30. Let a = r - u. Calculate the highest common factor of 11 and a.
11
Let n(z) = -12*z**3 - 6*z**2 - 6*z - 36. Let x be n(-6). Suppose -6*h - x = -24*h. What is the greatest common divisor of h and 11?
11
Let v = 33312 - 33288. Let l be (-2)/(2/(-145)) + -1. Calculate the highest common divisor of v and l.
24
Let a(b) = -b**3 - b**2 - 15*b + 3. Let q be a(-10). What is the greatest common factor of q and 585?
117
Suppose -4*v = 10*a - 9*a - 181, 9 = 3*v. What is the highest common divisor of 481 and a?
13
Let m(w) = -44*w - 124. Let y be m(-5). Calculate the greatest common factor of y and 1088.
32
Suppose 5*m - 1461 = 4*r, 22*m - 25*m + 887 = -5*r. Let u = 337 - m. Calculate the highest common divisor of u and 120.
24
Let m be -79*(7 + -3)/(-4). Suppose 0 = 3*l - 6, -5*g - 9*l - 384 = -6*l. Let o = g + m. What is the greatest common divisor of 3 and o?
1
Let s = 124 - 102. Let u(c) = -c**2 + 22*c - 4. Let j be u(s). Let r(p) = 2*p**2 + 2*p - 4. Let a be r(j). What is the highest common factor of 10 and a?
10
Let l(u) = u**2 + 5*u + 7. Let o be l(-4). Let p = -12 + o. Let q = 20 - p. What is the highest common factor of q and 319?
29
Let h = 3 + -9. Let t be (6/h)/(2/(-10)). Suppose 2*s = -2*s + 4*p, 4*s = -p + t. Calculate the highest common factor of 2 and s.
1
Let z be 64/1280 - 5995/(-100). Suppose -10*h + 11*h - 60 = 0. What is the highest common factor of h and z?
60
Suppose 0 = -5*u - 2*u. Suppose -4*y - y + 4*k = u, 4*k - 20 = 0. Let c be (-2)/y*(-9)/(9/26). Calculate the highest common divisor of c and 65.
13
Let o be (-2220)/5 + (5 - 3). Let h = 474 + o. What is the highest common factor of h and 80?
16
Suppose -l - 190 = -6*l. Suppose f = 3*q + 37, -q - l = -5*f + 91. Suppose 6*x - 115 = -f. Calculate the highest common factor of x and 60.
15
Let d(q) = 2*q. Let h be d(6). Suppose 0 = -4*y - 9*p + 4*p, 0 = -y + 5*p. Let i be 6 + y + (-2 + 62)/2. Calculate the greatest common factor of h and i.
12
Let i(m) = 2*m - 6. Let c be i(8). Suppose c*f - 78 = 8*f. Suppose f*j - 18 = 37*j. Calculate the highest common divisor of 63 and j.
9
Let p(q) = -193*q**2 + 206*q**2 + q + 0*q. Let j be p(8). Suppose k = -4*k + j. What is the greatest common divisor of 14 and k?
14
Let x be (-6)/(-3) - 4/((-16)/5668). What is the greatest common factor of 165 and x?
33
Suppose -26*k + 1380 - 132 = 0. Suppose 0 = 5*j - 5*v - 190, j - v = -j + 74. What is the greatest common factor of k and j?
12
Let s(y) = 26*y**3 + 2*y - 1. Let n be s(-2). Let l = n + 259. Calculate the greatest common factor of 207 and l.
23
Suppose -6 = -2*o - 4. Let t = -39 - o. Let h be ((-96)/t)/(6/40). Calculate the greatest common factor of h and 56.
8
Suppose 0 = 5*h + 4*g + 670, 7*h - 2*h = -g - 670. Let w = -85 - h. Suppose 3*m = -4*m + w. Calculate the greatest common divisor of m and 133.
7
Let b be (15/6)/(-4 + 405/100). Let y = 211 - 201. What is the greatest common divisor of b and y?
10
Let g(z) = 225*z + 30. Let d be g(2). Let c = d + -472. What is the greatest common divisor of 20 and c?
4
Let j be (-2736)/180*10/(-4). Let q(f) = 284*f**3 + 2*f**2 - f. Let o be q(1). Calculate the highest common divisor of j and o.
19
Suppose -650394 = 701*o - 2946169. Calculate the highest common divisor of 75 and o.
25
Let x be -5 + 14 + -7 - (70/7 + -85). Let w = 12 + -1. What is the highest common factor of w and x?
11
Let z(u) be the third derivative of -35*u**4/24 - 5*u**3/3 - 19*u**2. Let c be z(-1). Suppose c - 120 = -5*j. Calculate the highest common factor of 152 and j.
19
Suppose 10*m = 21*m - 572. Let t = 28 - 31. Let l be (t/(-9))/((-4)/(-3 + -153)). Calculate the greatest common factor of l and m.
13
Let c(q) = 2012*q - 18860. Let k be c(10). Calculate the greatest common divisor of 720 and k.
180
Suppose -13 = -2*o - i, 2*i + 10 = 7*o - 2*o. Let t = 106 + -266. Let w = -56 - t. What is the greatest common factor of w and o?
4
Let z = 1098 + -1650. Let s = -513 - z. Calculate the highest common factor of 52 and s.
13
Suppose -67 = -4*m + 9. Let o = -104 + 140. Suppose -p + o = m. What is the highest common divisor of 1 and p?
1
Let r(h) = 63*h**2 + 232*h + 1125. Let u be r(-5). Calculate the highest common divisor of 231 and u.
77
Let j(t) = 605*t + 2717. Let y be j(3). What is the greatest common factor of y and 88?
44
Let t = 277 + -272. Suppose -80 = -t*n + n. Calculate the highest common factor of n and 130.
10
Let x(m) = 2*m**3 + 32*m**2 - 37*m + 30. Let l = -500 + 483. Let j be x(l). Calculate the highest common divisor of j and 135.
27
Let m(b) = 261*b + 23. Let s be m(1). Let d = s + 49. What is the greatest common divisor of d and 9?
9
Suppose -27 = -826*u + 817*u. Suppose -u*p = 2*f - 532 + 58, 3*f + 329 = 2*p. Calculate the greatest common factor of p and 40.
40
Suppose 0 = -12*f + 8*f + 196. Suppose -4*p = -433 + f. Calculate the greatest common divisor of 24